{"id":53,"date":"2022-01-08T22:00:15","date_gmt":"2022-01-08T22:00:15","guid":{"rendered":"https:\/\/medirguate.com\/processes\/"},"modified":"2022-02-07T07:34:10","modified_gmt":"2022-02-07T07:34:10","slug":"processes","status":"publish","type":"page","link":"https:\/\/medirguate.com\/?page_id=53","title":{"rendered":"Procesos"},"content":{"rendered":"\n\n\n\r\n<h3>PROCESO<\/h3>\r\n\n\n\r\n<p style=\"text-align: left;\">Dependiendo de sus intereses, es posible que \u00fanicamente requiera de alguno de nuestros servicios, o bien, de todos ellos.<\/p>\r\n\n\n\n\r\n<h5><span style=\"color: #f8c176; font-size: 32px;\">1. <\/span>Levantamiento topogr\u00e1fico<\/h5>\r\n\n\n\r\n<p style=\"text-align: center;\">El levantamiento topogr\u00e1fico consiste en medir el terreno, identificar colindancias, quiebres, coordenadas, rumbos y\/o azimuts, dando como resultado un plano topogr\u00e1fico (nuestros planos se realizan cumpliendo las exigencias actualizadas del Registro General de la Propiedad). El levantamiento puede ser de varios tipos dependiendo de los intereses del cliente, este puede ser para la inscripci\u00f3n de fincas nuevas por titulaci\u00f3n, por desmembraci\u00f3n, por unificaci\u00f3n o fincas filiales.<\/p>\r\n<p style=\"text-align: center;\">\u00a0<\/p>\r\n<p style=\"text-align: left;\">Tambi\u00e9n se realizan procesos de aceptaci\u00f3n y planos en zonas declaradas en proceso catastral o catastrada por el Registro de Informaci\u00f3n Catastral -RIC-, de conformidad con los procedimientos establecidos en su Ley y reglamento vigentes.<\/p>\r\n\n\n\n\n\n\n\n\n\n\n\n\n\r\n<h5><span style=\"color: #f8c176; font-size: 32px;\">2. <\/span>PROCESO DE DISE\u00d1O\u00a0<\/h5>\r\n\n\n\r\n<p style=\"text-align: left;\">Despu\u00e9s de tener a disposici\u00f3n los planos de levantamiento, es posible que se desee lotificar, realizar un parcelamiento o construir sobre el inmueble, por lo que se requiere de la planificaci\u00f3n a trav\u00e9s del proceso de dise\u00f1o en planos. Se brindan propuestas al cliente de acuerdo a sus expectativas y luego de estar de acuerdo, se concluye esta etapa realizando los planos individuales de las fracciones y del proyecto consolidado.<\/p>\r\n\n\n\n\n\n\r\n<h5><span style=\"color: #f8c176; font-size: 32px;\">3. <\/span>REPLANTEO<\/h5>\r\n\n\n\r\n<p style=\"text-align: left;\">Esta etapa es una de las m\u00e1s cruciales, sin embargo, la mayor\u00eda de profesionales y empresas que proveen servicios de topograf\u00eda no ofrecen este servicio.<\/p>\r\n<p style=\"text-align: left;\">El replanteo consiste en inscribir en el terreno lo planificado en el proceso de dise\u00f1o, esto aplica para el caso de lotificaciones, parcelamientos y construcci\u00f3n.<\/p>\r\n<p style=\"text-align: left;\">Es crucial que tanto el levantamiento y el replanteo sean realizados por los mismos profesionales para garantizar que los planos indiquen exactamente lo que hay en campo.<\/p>\r\n<p style=\"text-align: left;\">Un error grave es establecer con cinta m\u00e9trica en campo lo que previamente fue levantado con una estaci\u00f3n total o teodolito, esto se debe a que la cinta mide distancias inclinadas y las estaciones totales, teodolitos y otros instrumentos planim\u00e9tricos, miden distancias horizontales (planas).\u00a0<\/p>\r\n\n\n\n\n\n\n\n\n\n\n\n\n\r\n<h5><span style=\"color: #f8c176; font-size: 32px;\">4. <\/span>MOJONEADO<\/h5>\r\n\n\n\r\n<p style=\"text-align: left;\">Se realiza conjuntamente con el replanteo, sin embargo depende de cada cliente el tipo de se\u00f1alamiento de su preferencia, generalmente se realizan de concreto y varillas de hierro. El tama\u00f1o depende de las condiciones ambientales y el prop\u00f3sito de su establecimiento. Se colocan mojones en los linderos del terreno que establezcan un quiebre, una divisi\u00f3n o simplemente para delimitaci\u00f3n de los linderos.<\/p>\r\n\n\n\n\n\n\r\n<h5><span style=\"color: #f8c176; font-size: 32px;\">5. <\/span>SUPERVISI\u00d3N DE OBRA<\/h5>\r\n\n\n\r\n<p style=\"text-align: left;\">La supervisi\u00f3n de obra constructiva consiste en verificar si la planificaci\u00f3n de la construcci\u00f3n establecida en los planos respectivos, est\u00e1 siendo ejecutada seg\u00fan dicha planificaci\u00f3n. Para ello la dimensi\u00f3n de fundamento generalmente es el plano horizontal del terreno, por lo que se requiere de profesionales calificados para ello. MEDIR brinda este servicio a sus clientes.<\/p>\r\n\n\n\n\n\n\n\n\n\n\n\n\n\r\n<h5><span style=\"color: #f8c176; font-size: 32px;\">6. <\/span>VALUACI\u00d3N Y COMERCIALIZACI\u00d3N<\/h5>\r\n\n\r\n<div>Contamos con acreditaci\u00f3n para la valuaci\u00f3n inmobiliaria en Guatemala y con la metodolog\u00eda correspondiente, determinamos y sugerimos los precios de venta de los inmuebles, considerando para ello todas sus caracter\u00edsticas.<\/div>\r\n<p>Brindamos apoyo log\u00edstico y asesor\u00eda a nuestros clientes para que puedan disponer acertadamente de sus bienes inmuebles.<\/p>\r\n\n\n\n\n\n\n\n\n\n\n\n\n\r\n<h1>Hacemos que aproveche al m\u00e1ximo sus recursos inmobiliarios<\/h1>\r\n\n\n\n\n","protected":false},"excerpt":{"rendered":"","protected":false},"author":1,"featured_media":0,"parent":0,"menu_order":0,"comment_status":"closed","ping_status":"closed","template":"","meta":{"footnotes":""},"class_list":["post-53","page","type-page","status-publish","hentry"],"_links":{"self":[{"href":"https:\/\/medirguate.com\/index.php?rest_route=\/wp\/v2\/pages\/53","targetHints":{"allow":["GET"]}}],"collection":[{"href":"https:\/\/medirguate.com\/index.php?rest_route=\/wp\/v2\/pages"}],"about":[{"href":"https:\/\/medirguate.com\/index.php?rest_route=\/wp\/v2\/types\/page"}],"author":[{"embeddable":true,"href":"https:\/\/medirguate.com\/index.php?rest_route=\/wp\/v2\/users\/1"}],"replies":[{"embeddable":true,"href":"https:\/\/medirguate.com\/index.php?rest_route=%2Fwp%2Fv2%2Fcomments&post=53"}],"version-history":[{"count":4,"href":"https:\/\/medirguate.com\/index.php?rest_route=\/wp\/v2\/pages\/53\/revisions"}],"predecessor-version":[{"id":165,"href":"https:\/\/medirguate.com\/index.php?rest_route=\/wp\/v2\/pages\/53\/revisions\/165"}],"wp:attachment":[{"href":"https:\/\/medirguate.com\/index.php?rest_route=%2Fwp%2Fv2%2Fmedia&parent=53"}],"curies":[{"name":"wp","href":"https:\/\/api.w.org\/{rel}","templated":true}]}}